er?
True
Is 2678611 a composite number?
True
Is 1693 composite?
False
Is 3977 composite?
True
Is 3149 prime?
False
Is 20507 a composite number?
False
Is 61561 prime?
True
Is 613361 composite?
True
Is 253229 a prime number?
True
Is 64667 a prime number?
True
Is 12718 a composite number?
True
Is 459421 composite?
False
Is 128069 a prime number?
False
Is 347027 a composite number?
True
Is 85549 a prime number?
True
Is 8391 a prime number?
False
Is 34807 composite?
False
Is 194297 a composite number?
True
Is 26539 prime?
True
Is 11519 prime?
True
Is 1471 a prime number?
True
Is 2225371 prime?
True
Is 220107 a composite number?
True
Is 539351 prime?
True
Is 183119 composite?
False
Is 94123 a prime number?
False
Is 210803 a composite number?
False
Is 22853 a composite number?
False
Is 2633 a prime number?
True
Is 5501 composite?
False
Is 2876663 composite?
True
Is 11633 a prime number?
True
Is 10471 a composite number?
True
Is 41219 composite?
True
Is 3833 a composite number?
False
Is 1370059 a composite number?
False
Is 98671 composite?
True
Is 2033495 prime?
False
Is 50719 composite?
True
Is 1379653 prime?
False
Is 181541 composite?
True
Is 6982 prime?
False
Is 1163 composite?
False
Is 527 prime?
False
Is 13801 prime?
False
Is 183695 prime?
False
Is 7397 a prime number?
False
Is 449 prime?
True
Is 55563 composite?
True
Is 353963 composite?
False
Is 105169 a composite number?
True
Is 4981 a prime number?
False
Is 463223 composite?
True
Is 833347 composite?
False
Is 448466 a composite number?
True
Is 36187 a prime number?
True
Is 53213 prime?
False
Is 63353 composite?
False
Is 11974 a composite number?
True
Is 39118 a composite number?
True
Is 136229 composite?
True
Is 469 a composite number?
True
Is 45361 a composite number?
False
Is 606337 prime?
False
Is 3763 a composite number?
True
Is 2881 prime?
False
Is 13861 prime?
False
Is 3482 a composite number?
True
Is 3217 composite?
False
Is 6977 a prime number?
True
Is 1009 a prime number?
True
Is 4271 composite?
False
Is 65957 prime?
True
Is 3589 a prime number?
False
Is 33673 a prime number?
False
Is 313373 composite?
False
Is 2453 a composite number?
True
Is 201883 composite?
True
Is 6982 composite?
True
Is 151777 a prime number?
False
Is 87521 composite?
True
Is 6315469 a prime number?
True
Is 14621 a prime number?
True
Is 180721 prime?
False
Is 16367 a prime number?
False
Is 137337 a composite number?
True
Is 9661 composite?
False
Is 122497 prime?
True
Is 38849 composite?
True
Is 35779 prime?
False
Is 270563 prime?
True
Is 42087 a prime number?
False
Is 332173 a prime number?
False
Is 791465 a prime number?
False
Is 107641 a prime number?
True
Is 147593 a composite number?
True
Is 18033 a composite number?
True
Is 857629 a prime number?
True
Is 154127 a prime number?
True
Is 3527 a composite number?
False
Is 2981 prime?
False
Is 39873 composite?
True
Is 4409 composite?
False
Is 220163 a composite number?
False
Is 449 a composite number?
False
Is 16873 composite?
True
Is 1206973 composite?
False
Is 3487 a composite number?
True
Is 7447 a prime number?
False
Is 2649431 a composite number?
False
Is 6995 prime?
False
Is 977507 composite?
False
Is 826117 a prime number?
False
Is 181247 composite?
True
Is 832829 a composite number?
True
Is 77929 prime?
True
Is 28961 a prime number?
True
Is 15613 composite?
True
Is 12097 a composite number?
False
Is 170629 prime?
False
Is 2569 a composite number?
True
Is 725789 composite?
False
Is 118451 composite?
True
Is 15917 composite?
True
Is 21001 composite?
False
Is 4561 prime?
True
Is 2041 a prime number?
False
Is 71107 a prime number?
False
Is 1567 composite?
False
Is 3037 a composite number?
False
Is 301 a composite number?
True
Is 472051 a composite number?
False
Is 220855 a prime number?
False
Is 4699 a prime number?
False
Is 18761 a composite number?
True
Is 41443 a prime number?
True
Is 8482549 a composite number?
False
Is 1097 prime?
True
Is 107897 prime?
True
Is 53129 prime?
True
Is 145311 composite?
True
Is 3511 prime?
True
Is 78871 a prime number?
False
Is 22769 composite?
False
Is 649963 composite?
True
Is 2970895 a prime number?
False
Is 1357333 composite?
False
Is 26821 a composite number?
False
Is 7187 prime?
True
Is 96643 a prime number?
True
Is 365873 a composite number?
True
Is 331489 a prime number?
True
Is 257707 composite?
False
Is 28491 a composite number?
True
Is 265333 composite?
False
Is 6247 a composite number?
False
Is 20329 composite?
True
Is 7907 prime?
True
Is 36581 a composite number?
True
Is 942473 a prime number?
False
Is 6841 composite?
False
Is 2031541 a composite number?
False
Is 22171 a composite number?
False
Is 14681 a prime number?
False
Is 4533 a composite number?
True
Is 69691 a prime number?
True
Is 6103 a composite number?
True
Is 1515543 composite?
True
Is 131734 prime?
False
Is 40423 prime?
True
Is 1953709 a prime number?
True
Is 9289 prime?
False
Is 8887 composite?
False
Is 104141 composite?
True
Is 14461 composite?
False
Is 13411 a composite number?
False
Is 15353 a composite number?
True
Is 44017 a prime number?
True
Is 335605 a composite number?
True
Is 5219 prime?
False
Is 5873 a prime number?
False
Is 167261 a prime number?
True
Is 62547 a composite number?
True
Is 72689 composite?
False
Is 798023 a prime number?
True
Is 4721 composite?
False
Is 1926329 composite?
False
Is 70039 composite?
False
Is 1115 prime?
False
Is 5531 a prime number?
True
Is 8781 prime?
False
Is 7669 a composite number?
False
Is 9569 prime?
False
Is 275089 composite?
True
Is 27087 a prime number?
False
Is 50729 a composite number?
True
Is 58553 a prime number?
False
Is 16649 prime?
True
Is 14503 a prime number?
True
Is 271555 a prime number?
False
Is 115931 a composite number?
False
Is 23447 a composite number?
False
Is 23857 a composite number?
False
Is 809491 a prime number?
True
Is 12959 a prime number?
True
Is 89455 a composite number?
True
Is 1067 a composite number?
True
Is 499021 a prime number?
True
Is 32639 prime?
False
Is 99565 composite?
True
Is 181595 composite?
True
Is 8807 prime?
True
Is 232657 composite?
True
Is 51293 prime?
False
Is 586069 a composite number?
True
Is 590305 a prime number?
False
Is 30421 composite?
True
Is 78017 a composite number?
False
Is 3181813 a composite number?
False
Is 35489 prime?
False
Is 5438 composite?
True
Is 80083 a composite number?
True
Is 3779 a prime number?
True
Is 42737 prime?
True
Is 133847 a prime number?
False
Is 10417 composite?
True
Is 5401 composite?
True
Is 14207 composite?
False
Is 13606 composite?
True
Is 69809 a composite number?
False
Is 615439 composite?
True
Is 118067 composite?
True
Is 72859 a composite number?
False
Is 6581 a composite number?
False
Is 48446 prime?
False
Is 19289 a prime number?
True
Is 10645 prime?
False
Is 8941 composite?
False
Is 1541 composite?
True
Is 327151 prime?
False
Is 36523 a prime number?
True
Is 889787 a prime number?
False
Is 51571 composite?
True
Is 4327 a prime number?
True
Is 1709 a composite number?
False
Is 760043 a composite number?
False
Is 2389 a composite number?
False
Is 16477 prime?
True
Is 251917 a composite number?
False
Is 535162 composite?
True
Is 18637 a composite number?
False
Is 149647 composite?
True
Is 384771 a prime number?
False
Is 77317 a composite number?
False
Is 9979 composite?
True
Is 26515 composite?
True
Is 31881 prime?
False
Is 83949 a composite number?
True
Is 11203 composite?
True
Is 343513 a prime number?
False
Is 355799 prime?
True
Is 1068701 prime?
True
Is 10559 a prime number?
True
Is 78133 composite?
True
Is 3957 prime?
False
Is 35833 a composite number?
True
Is 8147 prime?
True
Is 10973 a prime number?
True
Is 1334831 prime?
False
Is 322397 composite?
False
Is 90677 prime?
True
Is 28123 composite?
False
Is 11509 prime?
False
Is 65287 a prime number?
True
Is 1664251 composite?
False
Is 321067 a composite number?
True
Is 8779 prime?
True
Is 186061 a composite number?
True
Is 22739 composite?
False
Is 1323409 a composite number?
False
Is 437177 a prime number?
False
Is 199739 composite?
False
Is 2434997 a prime number?
True
Is 824861 a composite number?
False
Is 4341 composite?
True
Is 6071 a composite number?
True
Is 389 a prime number?
True
Is 7283 a prime number?
True
Is 5158977 a composite number?
T